 2*j = -1272, -j = -y*s + 626. List the prime factors of s.
3, 5, 7
Suppose -4064 = -44*k + 36*k. What are the prime factors of k?
2, 127
Let p be 5/(-20) - 22/8. Let t be (3 + 1)*(p - -4). Suppose t*b - 9 = 11. List the prime factors of b.
5
Let b be 4/(-3)*(-264)/(-16). Let y = 1 - b. What are the prime factors of y?
23
Suppose -21 + 8 = -m. Let u(h) = 34*h - 69*h + 37*h + 14. What are the prime factors of u(m)?
2, 5
Let y(n) = 12*n + 11. List the prime factors of y(13).
167
Suppose 0 = -3*k + 8382 + 2487. List the prime factors of k.
3623
Let i be 1 + 0 - 7/((-7)/2). Suppose 0 = -q + 5, -71 = -g - 0*q + i*q. What are the prime factors of g?
2, 43
Let f = -11 - 3. Let n(p) = 1 + p**2 - 2*p - 16 + 1 + 14*p. What are the prime factors of n(f)?
2, 7
Let t(p) = p**2 - 8*p + 7. Let w = -1 + 6. Let c be t(w). List the prime factors of ((-4)/c)/((-3)/(-126)).
3, 7
List the prime factors of (-3)/12*-1762 + 111/(-74).
439
Let p(x) = 47*x**3 - 8*x**2 + 4*x - 11. List the prime factors of p(3).
2, 599
Let k = 846 - 49. What are the prime factors of k?
797
Suppose 3*w = -n - 324 + 1175, -w + n = -289. What are the prime factors of w?
3, 5, 19
Let q(w) = w**2 + 6*w - 2. Let h be q(-7). Suppose h*o = 43 - 123. Let l = -5 - o. What are the prime factors of l?
11
Let d(z) = 51*z**2 + 2*z - 5. Let q be d(-3). Suppose q = 5*c + 23. Suppose 0 = -3*r + 26 + c. What are the prime factors of r?
37
Suppose -2*u - 14 = -2*b, 5*b + 3*u = b + 35. Suppose -b*z - 680 = -3*z. Let h = z + 214. What are the prime factors of h?
2, 3, 13
Let m(k) = -k**3 + 21*k**2 - 6*k + 67. Let y be m(21). Let q = y - -114. List the prime factors of q.
5, 11
Suppose 4*f + 1 = 13. Let l be ((-1)/(-2))/(1/14). Suppose 2*j = x - l - 24, -f*j = 2*x - 55. What are the prime factors of x?
29
Suppose 4*q - 1712 = -4*q. Let z = q - 77. List the prime factors of z.
137
Suppose 0 = -33*x + 18*x + 1110. What are the prime factors of x?
2, 37
Let m = -67 + 173. List the prime factors of m.
2, 53
Let t(j) = -j - 5. Let f be t(-8). Suppose -4*c + 78 = -338. Suppose -c = -f*p - p. What are the prime factors of p?
2, 13
Let q = -11 - -13. Suppose 3*l + 2 = -q*u, -10 = 2*l + l + 4*u. Suppose -20 = -2*o + x, -l*x - 3*x + 35 = 5*o. List the prime factors of o.
3
List the prime factors of (80/(-64))/(1*(-3)/12).
5
Let k be 3 + -11 + (-6)/(-2). Let g(u) = 4*u**2 - u - 3. What are the prime factors of g(k)?
2, 3, 17
Suppose -3*s = -4*b - s + 1138, -4*b = 4*s - 1132. Suppose 2*j - b = -2*j. List the prime factors of j.
71
Let n(c) = -5*c + 41. List the prime factors of n(-8).
3
Let g = -3 - -17. Suppose 5*s = -5*a + 95, 3*a - g = -s + 1. What are the prime factors of s?
3, 7
Let p(l) = -2*l**2 - 11*l + 9. Let o be p(-6). Suppose 172 - 682 = -o*q. List the prime factors of q.
2, 5, 17
Let d(c) = c**3 - 16*c**2 - 16*c - 7. Let y be d(17). Suppose 0 = 3*x - r - 46 - 4, 0 = -2*x - 5*r + 39. Let o = y + x. What are the prime factors of o?
3
Let l = -5 - -8. Let u = 0 - 3. What are the prime factors of (-29 + l + u)*-1?
29
Let q(r) = 4*r**2 - 19*r - 162. List the prime factors of q(-24).
2, 3, 433
Let x = 1695 - 510. List the prime factors of x.
3, 5, 79
Let b be 0 - (12 + (1 - 2)). Let v(u) = -u**3 - 9*u**2 + 14*u + 14. Let q be v(b). Suppose -4*z - 14 = -q. What are the prime factors of z?
2, 11
Suppose -w = 0, w = -5*k - 0*w + 5. Let u = 23 + -27. What are the prime factors of k - (-26 - (2 + u))?
5
Let u(g) = -g**3 + 8*g**2 - 12*g + 3. Let a be u(6). Suppose 0 = o + a*s - 83, -4*o + 0*o + 342 = 2*s. What are the prime factors of o?
2, 43
Suppose 0 = -4*q + h + 22, -q + 4*q - 5*h = 25. Suppose 5*k + 3*a - 715 = -0*a, -4*k + 585 = q*a. List the prime factors of k.
2, 5, 7
Suppose 7*t - 26 = 3*p + 3*t, 0 = 5*p - 5*t + 45. Let d(j) = -10*j**2 - 13*j**3 + 32*j**3 - 20*j**3 - 2*j - 15. List the prime factors of d(p).
5
Let d = 27 + -22. Suppose 155 = 5*s + m, 10*s - d*s = -4*m + 140. Suppose -q = -26 - s. List the prime factors of q.
2, 29
List the prime factors of ((-4)/(-20))/(3/1695).
113
List the prime factors of (1740 - -48) + -1*(-4)/(-1).
2, 223
Let v(o) = o**3 - 13*o**2 + 15*o - 10. Let p(n) = 3*n - 39. Let m be p(17). What are the prime factors of v(m)?
2, 13
Let k(l) = 2*l - 4. Let q be k(4). Suppose -2*x = 3*z - 29 - 5, -4*z + 68 = q*x. Suppose -2*p + x = -9. What are the prime factors of p?
13
List the prime factors of ((3 - -2)*-5)/((-7)/77).
5, 11
Let i(x) = 2*x**2 + 2*x - 3. Let c be i(-4). Let p be 22/(-99) + (2247/27 - -1). Suppose 3*l = p - c. List the prime factors of l.
3, 7
Let x(s) = -s**2 - 9*s - 9. Let j = -3 - -7. Suppose 4*u + y + 2 = -21, 0 = 4*u - j*y + 28. List the prime factors of x(u).
3
Suppose 748 + 345 = i. What are the prime factors of i?
1093
Let w be -4*4/24*-33. Let t be (-238)/w + (-2)/11. List the prime factors of (-244)/t + 2/(-11).
2, 11
Suppose 11*c - 9*c - 4*z = 5412, 4*c - 10842 = 2*z. What are the prime factors of c?
2, 3, 113
Suppose w = 2*x + 1, -3*x + w - 2 = -w. Suppose x*g - 83 = -g - 4*h, -5*h = 5*g - 415. What are the prime factors of g?
83
Let v be (49/2 + 3)*2/1. Let s = 58 - v. List the prime factors of s.
3
Suppose 4*y + 5 = -43. Let s(w) = w**3 + 11*w**2 - 16*w + 11. List the prime factors of s(y).
59
Suppose 120*k + 5067 = 129*k. What are the prime factors of k?
563
Let a(w) be the first derivative of w**3 - 5*w**2/2 - 9*w + 26. What are the prime factors of a(-4)?
59
Let m = -62 - -143. Let d = m - 33. What are the prime factors of d?
2, 3
Suppose -4*k + 2*d = -784, 3*d - 227 = -2*k + 149. Suppose -k = -4*t + 150. List the prime factors of t.
2, 43
Let z(l) = 43*l + 306. What are the prime factors of z(33)?
3, 5, 23
List the prime factors of 4/3 - 10/12*-8.
2
Let n(h) = 5*h**2 - 8*h + 20. Let a be n(4). Let r = a - -12. List the prime factors of r.
2, 5
What are the prime factors of (-8)/(-16) + 38965/10 + -5?
2, 7, 139
Let x(y) be the second derivative of y**3/2 - 7*y**2 - 12*y. What are the prime factors of x(8)?
2, 5
Suppose 4*a - 5*p = -11 + 2, -3*p = -15. Let k(r) = -a*r + 23 - 3 - 4 + 3*r. List the prime factors of k(12).
2
Suppose -5*x - 432 = -j - x, x = -4*j + 1677. What are the prime factors of j?
2, 3, 5, 7
Let h = -14 + 4. List the prime factors of (-126)/(-5) + h/50.
5
Let r(d) = 3*d - 34. Let j be r(12). Let w(b) = 10*b**3 - 2*b**2 - b + 3. What are the prime factors of w(j)?
73
Let n(g) = 5*g - 1. Let o(f) = -2*f + 7. Let d be o(0). Let j(y) = y - 5. Let t be j(d). List the prime factors of n(t).
3
Suppose 5*l + 741 = 2*a, 2*a + 1446 = 6*a + 2*l. List the prime factors of a.
3, 11
Let n(r) = 6*r - 2. Let c(d) = -d. Let z(h) = 4*c(h) + n(h). Let w be z(6). List the prime factors of (w/3)/((-4)/(-6)).
5
Let h(v) be the second derivative of -3*v + v**4 - 1/20*v**5 + 0 - 1/6*v**3 + 7*v**2. List the prime factors of h(12).
2
List the prime factors of (-39*7/(-63))/(3/198).
2, 11, 13
What are the prime factors of (-867 + 0)*((-870)/(-18))/(-29)?
5, 17
What are the prime factors of ((-2970)/187 - -16) + 32570/17?
2, 479
Let b(l) = l**2 + 7*l + 7. Suppose -48 = 3*m - 12. List the prime factors of b(m).
67
Suppose -2*v = -7*v + 10. Let y = v + 0. Suppose -5*m = y*z - 39, z - 39 = 4*m + 13. What are the prime factors of z?
2
Suppose -m = -3*s + 174, -4*s - 2*m + 165 = -s. Suppose -380 + s = -l. List the prime factors of l.
17, 19
Suppose 2*b - 3*y - 1358 = 0, 2*b - 2*y - 705 = 651. What are the prime factors of b?
2, 13
Let g be 7 - -2 - 3*1. Let h be 57 + (2 - (g - 1)). List the prime factors of (12/8)/(3/h).
3
Let z be (-2 - -1)/(-2)*(-10 - -10). Suppose -t + 44 + 20 = z. What are the prime factors of t?
2
Let c(x) = 7*x**2 - 9*x + 1. Let q be c(4). Let h = q - 12. What are the prime factors of h?
5, 13
Suppose 0 = 8*k - 438 - 23978. What are the prime factors of k?
2, 7, 109
Let o(s) = -2*s**3 - 9*s**2 - 8*s - 10. Let q be o(-4). What are the prime factors of (q/(-15) - 0) + (-672)/(-30)?
2, 11
Let o be 9 - 2/(-1) - 3. Let q(z) = z**3 + 4*z**2 - 7*z - 6. Let w be q(-5). Suppose w*y = -o - 4, 3*h - 3*y = 66. What are the prime factors of h?
19
Let l(s) be the first derivative of -s**3/3 + 15*s**2/2 + 3. Let d be l(11). What are the prime factors of 4 + -1 + (d - -1)?
2, 3
Let z = -807 - -1299. What are the prime factors of z?
2, 3, 41
Suppose 4*v =